{"id":166,"date":"2018-01-30T11:58:01","date_gmt":"2018-01-30T10:58:01","guid":{"rendered":"http:\/\/stbesancon.fr\/?page_id=166"},"modified":"2020-10-14T23:06:48","modified_gmt":"2020-10-14T21:06:48","slug":"disciplines-de-tir","status":"publish","type":"page","link":"https:\/\/stbesancon.fr\/?page_id=166","title":{"rendered":"DISCIPLINES DE TIR"},"content":{"rendered":"<p>La Soci\u00e9t\u00e9 de Tir de Besan\u00e7on vous permet de pratiquer dans ses stands les disciplines de tir suivantes :<\/p>\n<ul>\n<li>\n<h3>CARABINE 10M &amp; 50M<\/h3>\n<\/li>\n<\/ul>\n<p>Les disciplines de tir \u00e0 la carabine se tirent aux distances de 10 m (tir au plomb diabolo) et 50 m (tir \u00e0 balle de 22LR). Les \u00e9preuves 10 m se tirent uniquement en position debout alors qu&rsquo;\u00e0 la distance de 50 m les \u00e9preuves imposent, selon les cas, la position \u00abCouch\u00e9\u00bb ou bien l&rsquo;utilisation de l&rsquo;ensemble des trois positions r\u00e9glementaires (\u00abGenou\u00bb, \u00abDebout\u00bb,\u00abCouch\u00e9\u00bb) .<\/p>\n<p>Les entrainements (libres ou encadr\u00e9s) ont lieu au<a href=\"https:\/\/stbesancon.fr\/?page_id=70\"> stand du Rosemont<\/a> \u00a0pour le 10 m\u00e8tres.<\/p>\n<ul>\n<li>\n<h3>PISTOLET 10M &amp; 25M<\/h3>\n<\/li>\n<\/ul>\n<p><span class=\"titreRubrique\">Les disciplines \u00abpistolet\u00bb proposent des distances de tir \u00e0 10 m (tir au plomb diabolo), 25 m et 50 m (tir \u00e0 balle 22LR et gros calibre).\u00a0<\/span><span class=\"titreRubrique\">Toutes les \u00e9preuves se tirent en position debout \u00e0 bras franc. La pratique propos\u00e9e aux tireurs se traduit en tir de pr\u00e9cision, en tir de vitesse ou en \u00e9preuves mixtes regroupant \u00e0 la fois la pr\u00e9cision et la vitesse, offrant ainsi une grande diversit\u00e9 !<\/span><\/p>\n<p>Les entrainements (libres ou encadr\u00e9s) ont lieu au<a href=\"https:\/\/stbesancon.fr\/?page_id=70\"> stand du Rosemont<\/a> \u00a0pour le 10 m\u00e8tres.<\/p>\n<ul>\n<li>\n<h3>PARA TIR<\/h3>\n<\/li>\n<\/ul>\n<p>Si vous e\u0302tes a\u0300 la recherche d\u2019une activite\u0301 adapte\u0301e a\u0300 votre situation de handicap, la pratique du Para-tir vous permettra de vous surpasser en compe\u0301tition ou en loisir. La FFtir porte une attention toute particulie\u0300re aux activit\u00e9s Handi-tir (loisir) et Para-tir (comp\u00e9tition) qu\u2019elle de\u0301veloppe autour de plusieurs disciplines re\u0301pondant a\u0300 des pathologies motrices, sensorielles ou visuelles.<\/p>\n<p>La FFtir est affili\u00e9e \u00e0 la <a href=\"https:\/\/www.paralympic.org\/shooting\" target=\"_blank\" rel=\"noopener noreferrer\">World Shooting Para Sport<\/a>\u00a0(f\u00e9d\u00e9ration internationale pour le Para-tir) et au\u00a0<a href=\"https:\/\/france-paralympique.fr\/\" target=\"_blank\" rel=\"noopener noreferrer\">Comit\u00e9 Paralympique et Sportif Fran\u00e7ais<\/a>.<\/p>\n<ul>\n<li>\n<h3>SILHOUETTES M\u00c9TALLIQUES<\/h3>\n<\/li>\n<\/ul>\n<p>Le tir aux silhouettes m\u00e9talliques\u00a0consiste \u00e0 renverser des cibles en m\u00e9tal ayant la forme de poulet, de cochon, de dindon ou de mouflon positionn\u00e9es \u00e0 diff\u00e9rentes distances : 25-50-75-100 m pour les armes de poing petit calibre, 50-100-150-200 m pour les armes de poing gros calibre, 40-60-77-100 m pour les armes d&rsquo;\u00e9paules petit calibre et 200-300-385-500 m pour les armes d&rsquo;\u00e9paule gros calibre.<\/p>\n<p>La taille des silhouettes m\u00e9talliques varie selon l&rsquo;arme de poing ou d&rsquo;\u00e9paule et selon les distances de tir. Les positions de tir sont plut\u00f4t stables, \u00e0 deux mains ou avec le canon de l&rsquo;arme en appui sur la jambe, et le plaisir est toujours imm\u00e9diat quand votre cible bascule au loin.<\/p>\n<p>Les entrainements ont lieu au <a href=\"https:\/\/stbesancon.fr\/?page_id=66\">stand de Chaudanne<\/a>.<\/p>\n<ul>\n<li>\n<h3>TIR AUX ARMES R\u00c9GLEMENTAIRES<\/h3>\n<\/li>\n<\/ul>\n<p>Entretenir et utiliser les armes militaires r\u00e9glementaires des diff\u00e9rentes arm\u00e9es dans un esprit sportif de s\u00e9curit\u00e9 et d&rsquo;authenticit\u00e9 est l&rsquo;objet de cette discipline qui est organis\u00e9e par la F\u00e9d\u00e9ration Fran\u00e7aise de Tir en coop\u00e9ration avec l&rsquo;Union Nationale des Officiers de R\u00e9serve (UNOR) et la F\u00e9d\u00e9ration Nationale des Associations de Sous-Officiers de R\u00e9serve (FNASOR).<\/p>\n<p>Le tir \u00e0 l&rsquo;arme r\u00e9glementaire (TAR) se veut facilement accessible, dans son fonctionnement et sa pratique alliant pr\u00e9cision et vitesse, que ce soit au pistolet ou au fusil, en utilisant un \u00e9quipement et un mat\u00e9riel standard.Les entrainements ont lieu au <a href=\"https:\/\/stbesancon.fr\/?page_id=66\">Stand de Chaudanne.<\/a><\/p>\n<ul>\n<li>\n<h3>TIR SPORTIF DE VITESSE<\/h3>\n<\/li>\n<\/ul>\n<p>N\u00e9e aux Etats-Unis en 1976, cette discipline propose de tirer contre la montre avec des pistolets de calibre 9 millim\u00e8tres et plus, munis ou non d\u2019une vis\u00e9e optique. L\u2019arme est port\u00e9e dans un \u00e9tui (holster) plac\u00e9 \u00e0 la ceinture.<\/p>\n<p class=\"p1\">Cette discipline implique une dext\u00e9rit\u00e9 de manipulation des armes, ainsi qu\u2019un respect strict des r\u00e8gles de s\u00e9curit\u00e9, sous peine de p\u00e9nalit\u00e9s et de disqualification. Plusieurs types de parcours sont propos\u00e9s : petits jusqu\u2019\u00e0 12 coups, moyens jusqu\u2019\u00e0 24 et grands jusqu\u2019\u00e0 32. Les distances de tir peuvent varier de 10 \u00e0 70 m\u00e8tres.<\/p>\n<p class=\"p1\">La F\u00e9d\u00e9ration Fran\u00e7aise de Tir est affili\u00e9e \u00e0 l\u2019<a href=\"https:\/\/www.ipsc.org\/\" target=\"_blank\" rel=\"noopener noreferrer\">International Practical Shooting Confederation<\/a>\u00a0(f\u00e9d\u00e9ration internationale de TSV).<\/p>\n<p>Les entrainements encadr\u00e9s par des moniteurs dipl\u00f4m\u00e9s ont lieu les samedis apr\u00e8s-midis au <a href=\"https:\/\/stbesancon.fr\/?page_id=66\">stand de Chaudanne<\/a>.<\/p>\n","protected":false},"excerpt":{"rendered":"<p>La Soci\u00e9t\u00e9 de Tir de Besan\u00e7on vous permet de pratiquer dans ses stands les disciplines de tir suivantes : CARABINE 10M &amp; 50M Les disciplines de tir \u00e0 la carabine se tirent aux distances de 10 m (tir au plomb diabolo) et 50 m (tir \u00e0 balle de 22LR). Les \u00e9preuves 10 m se tirent&hellip; <br \/> <a class=\"button small blue\" href=\"https:\/\/stbesancon.fr\/?page_id=166\">Lire la suite<\/a><\/p>\n","protected":false},"author":1,"featured_media":0,"parent":0,"menu_order":0,"comment_status":"closed","ping_status":"closed","template":"","meta":[],"yoast_head":"<!-- This site is optimized with the Yoast SEO plugin v20.6 - https:\/\/yoast.com\/wordpress\/plugins\/seo\/ -->\n<title>DISCIPLINES DE TIR - Soci\u00e9t\u00e9 de Tir de Besan\u00e7on<\/title>\n<meta name=\"description\" content=\"Les disciplines de tir pratiqu\u00e9es \u00e0 la Soci\u00e9t\u00e9 de Tir de Besan\u00e7on : pistolet 10 et 25 m\u00e8tres, Tir \u00e0 l&#039;Arme R\u00e9glementaire, Carabine 10 et 50 m\u00e8tres, Silhouettes m\u00e9talliques ...\" \/>\n<meta name=\"robots\" content=\"index, follow, max-snippet:-1, max-image-preview:large, max-video-preview:-1\" \/>\n<link rel=\"canonical\" href=\"https:\/\/stbesancon.fr\/?page_id=166\" \/>\n<meta property=\"og:locale\" content=\"fr_FR\" \/>\n<meta property=\"og:type\" content=\"article\" \/>\n<meta property=\"og:title\" content=\"DISCIPLINES DE TIR - Soci\u00e9t\u00e9 de Tir de Besan\u00e7on\" \/>\n<meta property=\"og:description\" content=\"Les disciplines de tir pratiqu\u00e9es \u00e0 la Soci\u00e9t\u00e9 de Tir de Besan\u00e7on : pistolet 10 et 25 m\u00e8tres, Tir \u00e0 l&#039;Arme R\u00e9glementaire, Carabine 10 et 50 m\u00e8tres, Silhouettes m\u00e9talliques ...\" \/>\n<meta property=\"og:url\" content=\"https:\/\/stbesancon.fr\/?page_id=166\" \/>\n<meta property=\"og:site_name\" content=\"Soci\u00e9t\u00e9 de Tir de Besan\u00e7on\" \/>\n<meta property=\"article:modified_time\" content=\"2020-10-14T21:06:48+00:00\" \/>\n<meta name=\"twitter:card\" content=\"summary_large_image\" \/>\n<meta name=\"twitter:label1\" content=\"Dur\u00e9e de lecture estim\u00e9e\" \/>\n\t<meta name=\"twitter:data1\" content=\"3 minutes\" \/>\n<script type=\"application\/ld+json\" class=\"yoast-schema-graph\">{\"@context\":\"https:\/\/schema.org\",\"@graph\":[{\"@type\":\"WebPage\",\"@id\":\"https:\/\/stbesancon.fr\/?page_id=166\",\"url\":\"https:\/\/stbesancon.fr\/?page_id=166\",\"name\":\"DISCIPLINES DE TIR - Soci\u00e9t\u00e9 de Tir de Besan\u00e7on\",\"isPartOf\":{\"@id\":\"https:\/\/stbesancon.fr\/#website\"},\"datePublished\":\"2018-01-30T10:58:01+00:00\",\"dateModified\":\"2020-10-14T21:06:48+00:00\",\"description\":\"Les disciplines de tir pratiqu\u00e9es \u00e0 la Soci\u00e9t\u00e9 de Tir de Besan\u00e7on : pistolet 10 et 25 m\u00e8tres, Tir \u00e0 l'Arme R\u00e9glementaire, Carabine 10 et 50 m\u00e8tres, Silhouettes m\u00e9talliques ...\",\"breadcrumb\":{\"@id\":\"https:\/\/stbesancon.fr\/?page_id=166#breadcrumb\"},\"inLanguage\":\"fr-FR\",\"potentialAction\":[{\"@type\":\"ReadAction\",\"target\":[\"https:\/\/stbesancon.fr\/?page_id=166\"]}]},{\"@type\":\"BreadcrumbList\",\"@id\":\"https:\/\/stbesancon.fr\/?page_id=166#breadcrumb\",\"itemListElement\":[{\"@type\":\"ListItem\",\"position\":1,\"name\":\"Accueil\",\"item\":\"https:\/\/stbesancon.fr\/\"},{\"@type\":\"ListItem\",\"position\":2,\"name\":\"DISCIPLINES DE TIR\"}]},{\"@type\":\"WebSite\",\"@id\":\"https:\/\/stbesancon.fr\/#website\",\"url\":\"https:\/\/stbesancon.fr\/\",\"name\":\"Soci\u00e9t\u00e9 de Tir de Besan\u00e7on\",\"description\":\"Club de tir sportif du Grand Besan\u00e7on\",\"publisher\":{\"@id\":\"https:\/\/stbesancon.fr\/#organization\"},\"potentialAction\":[{\"@type\":\"SearchAction\",\"target\":{\"@type\":\"EntryPoint\",\"urlTemplate\":\"https:\/\/stbesancon.fr\/?s={search_term_string}\"},\"query-input\":\"required name=search_term_string\"}],\"inLanguage\":\"fr-FR\"},{\"@type\":\"Organization\",\"@id\":\"https:\/\/stbesancon.fr\/#organization\",\"name\":\"Soci\u00e9t\u00e9 de Tir de besan\u00e7on\",\"url\":\"https:\/\/stbesancon.fr\/\",\"logo\":{\"@type\":\"ImageObject\",\"inLanguage\":\"fr-FR\",\"@id\":\"https:\/\/stbesancon.fr\/#\/schema\/logo\/image\/\",\"url\":\"https:\/\/stbesancon.fr\/wp-content\/uploads\/2018\/02\/LOGOSTB2small2.png\",\"contentUrl\":\"https:\/\/stbesancon.fr\/wp-content\/uploads\/2018\/02\/LOGOSTB2small2.png\",\"width\":180,\"height\":177,\"caption\":\"Soci\u00e9t\u00e9 de Tir de besan\u00e7on\"},\"image\":{\"@id\":\"https:\/\/stbesancon.fr\/#\/schema\/logo\/image\/\"}}]}<\/script>\n<!-- \/ Yoast SEO plugin. -->","yoast_head_json":{"title":"DISCIPLINES DE TIR - Soci\u00e9t\u00e9 de Tir de Besan\u00e7on","description":"Les disciplines de tir pratiqu\u00e9es \u00e0 la Soci\u00e9t\u00e9 de Tir de Besan\u00e7on : pistolet 10 et 25 m\u00e8tres, Tir \u00e0 l'Arme R\u00e9glementaire, Carabine 10 et 50 m\u00e8tres, Silhouettes m\u00e9talliques ...","robots":{"index":"index","follow":"follow","max-snippet":"max-snippet:-1","max-image-preview":"max-image-preview:large","max-video-preview":"max-video-preview:-1"},"canonical":"https:\/\/stbesancon.fr\/?page_id=166","og_locale":"fr_FR","og_type":"article","og_title":"DISCIPLINES DE TIR - Soci\u00e9t\u00e9 de Tir de Besan\u00e7on","og_description":"Les disciplines de tir pratiqu\u00e9es \u00e0 la Soci\u00e9t\u00e9 de Tir de Besan\u00e7on : pistolet 10 et 25 m\u00e8tres, Tir \u00e0 l'Arme R\u00e9glementaire, Carabine 10 et 50 m\u00e8tres, Silhouettes m\u00e9talliques ...","og_url":"https:\/\/stbesancon.fr\/?page_id=166","og_site_name":"Soci\u00e9t\u00e9 de Tir de Besan\u00e7on","article_modified_time":"2020-10-14T21:06:48+00:00","twitter_card":"summary_large_image","twitter_misc":{"Dur\u00e9e de lecture estim\u00e9e":"3 minutes"},"schema":{"@context":"https:\/\/schema.org","@graph":[{"@type":"WebPage","@id":"https:\/\/stbesancon.fr\/?page_id=166","url":"https:\/\/stbesancon.fr\/?page_id=166","name":"DISCIPLINES DE TIR - Soci\u00e9t\u00e9 de Tir de Besan\u00e7on","isPartOf":{"@id":"https:\/\/stbesancon.fr\/#website"},"datePublished":"2018-01-30T10:58:01+00:00","dateModified":"2020-10-14T21:06:48+00:00","description":"Les disciplines de tir pratiqu\u00e9es \u00e0 la Soci\u00e9t\u00e9 de Tir de Besan\u00e7on : pistolet 10 et 25 m\u00e8tres, Tir \u00e0 l'Arme R\u00e9glementaire, Carabine 10 et 50 m\u00e8tres, Silhouettes m\u00e9talliques ...","breadcrumb":{"@id":"https:\/\/stbesancon.fr\/?page_id=166#breadcrumb"},"inLanguage":"fr-FR","potentialAction":[{"@type":"ReadAction","target":["https:\/\/stbesancon.fr\/?page_id=166"]}]},{"@type":"BreadcrumbList","@id":"https:\/\/stbesancon.fr\/?page_id=166#breadcrumb","itemListElement":[{"@type":"ListItem","position":1,"name":"Accueil","item":"https:\/\/stbesancon.fr\/"},{"@type":"ListItem","position":2,"name":"DISCIPLINES DE TIR"}]},{"@type":"WebSite","@id":"https:\/\/stbesancon.fr\/#website","url":"https:\/\/stbesancon.fr\/","name":"Soci\u00e9t\u00e9 de Tir de Besan\u00e7on","description":"Club de tir sportif du Grand Besan\u00e7on","publisher":{"@id":"https:\/\/stbesancon.fr\/#organization"},"potentialAction":[{"@type":"SearchAction","target":{"@type":"EntryPoint","urlTemplate":"https:\/\/stbesancon.fr\/?s={search_term_string}"},"query-input":"required name=search_term_string"}],"inLanguage":"fr-FR"},{"@type":"Organization","@id":"https:\/\/stbesancon.fr\/#organization","name":"Soci\u00e9t\u00e9 de Tir de besan\u00e7on","url":"https:\/\/stbesancon.fr\/","logo":{"@type":"ImageObject","inLanguage":"fr-FR","@id":"https:\/\/stbesancon.fr\/#\/schema\/logo\/image\/","url":"https:\/\/stbesancon.fr\/wp-content\/uploads\/2018\/02\/LOGOSTB2small2.png","contentUrl":"https:\/\/stbesancon.fr\/wp-content\/uploads\/2018\/02\/LOGOSTB2small2.png","width":180,"height":177,"caption":"Soci\u00e9t\u00e9 de Tir de besan\u00e7on"},"image":{"@id":"https:\/\/stbesancon.fr\/#\/schema\/logo\/image\/"}}]}},"_links":{"self":[{"href":"https:\/\/stbesancon.fr\/index.php?rest_route=\/wp\/v2\/pages\/166"}],"collection":[{"href":"https:\/\/stbesancon.fr\/index.php?rest_route=\/wp\/v2\/pages"}],"about":[{"href":"https:\/\/stbesancon.fr\/index.php?rest_route=\/wp\/v2\/types\/page"}],"author":[{"embeddable":true,"href":"https:\/\/stbesancon.fr\/index.php?rest_route=\/wp\/v2\/users\/1"}],"replies":[{"embeddable":true,"href":"https:\/\/stbesancon.fr\/index.php?rest_route=%2Fwp%2Fv2%2Fcomments&post=166"}],"version-history":[{"count":10,"href":"https:\/\/stbesancon.fr\/index.php?rest_route=\/wp\/v2\/pages\/166\/revisions"}],"predecessor-version":[{"id":1132,"href":"https:\/\/stbesancon.fr\/index.php?rest_route=\/wp\/v2\/pages\/166\/revisions\/1132"}],"wp:attachment":[{"href":"https:\/\/stbesancon.fr\/index.php?rest_route=%2Fwp%2Fv2%2Fmedia&parent=166"}],"curies":[{"name":"wp","href":"https:\/\/api.w.org\/{rel}","templated":true}]}}